2 - m + 1. Let i be o(-3). What is q(i)?
-10
Let w(t) be the second derivative of t**6/72 - t**5/120 - 13*t**4/6 + 3*t. Let d(p) be the third derivative of w(p). Give d(1).
9
Suppose -3 = -5*g + 27. Suppose 2 = -4*n - g. Let x(f) = f**3 + 2*f**2 + 3*f + 3. What is x(n)?
-3
Suppose -6*c = -4*c + 10. Let z(p) = p**3 + 6*p**2 + 4*p - 7. Calculate z(c).
-2
Suppose 4*k - 6*k + 10 = 0. Let h be (-3)/k + 18/5. Let u(z) = -3*z - 2*z + 3*z + h - 2*z. Give u(3).
-9
Let t(k) = 2*k**3 + 8*k**2 + 4*k - 7. Let q(p) = -p**3 - 7*p**2 - 3*p + 6. Let g(c) = 3*q(c) + 2*t(c). Let m = -4023 - -4027. Calculate g(m).
-16
Suppose -9*s - 144 = -5*s. Let a be (s*1)/(-4)*-1. Let x(p) = p**2 + 11*p + 11. What is x(a)?
-7
Suppose -103*o + 112*o = 45. Let f(i) = -i**3 + 3*i**2 + 5*i + 4. Calculate f(o).
-21
Let x(s) = 17*s - 17. Let u(v) = 5*v - 5. Let d(a) = -7*u(a) + 2*x(a). Determine d(1).
0
Let h(c) = -c**2 + c - 1. Let u(d) be the second derivative of -d**4/6 + d**3/2 - 3*d**2/2 + 14*d. Let t(x) = 4*h(x) - u(x). What is t(2)?
-7
Suppose -2*v + 5*v - 12 = 0. Suppose -3 = -v*w - 11. Let l be (3*w)/(12/8). Let s(k) = k**2 - 4. Calculate s(l).
12
Let n = 33 + -31. Let i(y) = y + y**n - 2*y**2 - 13 + 16 - 4*y. What is i(2)?
-7
Let i(m) = m + 2. Let g be 1 - -1 - (29 + -3). Let q = g - -52. Suppose -4*t + 3*y = 2*y - 4, 4*t + 5*y = q. Determine i(t).
4
Let y(i) = i**3 + 7*i**2 + 14*i + 4. Let t be (-139)/(-139) - (-1 + 6). Calculate y(t).
-4
Suppose 24 = -2*v + 4*v. Suppose -3*s = 0, 5*s = 2*c + 2*s - v. Let y(p) = p + 1. Calculate y(c).
7
Let d = 25 + -23. Let c(w) = d*w + 4 + 3 - 4*w. Suppose -5*a + 3*y + 2*y + 55 = 0, -5*a + 45 = -3*y. Calculate c(a).
-5
Let d(r) be the third derivative of r**5/60 + r**4/4 - 29*r**3/2 - 879*r**2. Determine d(7).
4
Suppose 5*r - v = -9, 60*v - 57*v - 10 = -2*r. Let p(h) = -10*h**2 - 4*h + 6. Let u(o) = 3*o - 4 + 11*o**2 - 2 + 1. Let i(j) = 4*p(j) + 5*u(j). Determine i(r).
15
Suppose 0*q + 388 = -4*q. Let p = q + 103. Let a(c) = -c + 13. Give a(p).
7
Let m(u) = -u**2 + u + 1. Suppose 4*n - 5*a + 35 - 84 = 0, -a - 11 = -n. What is m(n)?
-29
Let u(x) = x. Let m(c) = c. Suppose -2*l - 3*z = 2*l - 19, 5*z - 26 = -l. Let n(g) = l*m(g) + u(g). Suppose -10 = -47*k + 42*k. Give n(k).
4
Let v(y) = -y**3 - 26*y**2 - 9*y - 8. Let o(s) = -s**3 - 21*s**2 - 8*s - 7. Let j(u) = -4*o(u) + 3*v(u). Let i = -12 - -7. What is j(i)?
4
Let c(b) = -b**3 - 6*b**2 + 8*b - 2. Suppose 7*a - 6 = 71. Let q = -18 + a. Determine c(q).
-9
Let k(m) = m**3 - 8*m**2 + m + 7. Let u = 663 - 656. Give k(u).
-35
Let v(o) = -23*o**2 + 30. Let c(w) = 13*w**2 - w - 16. Let t(u) = -7*c(u) - 4*v(u). What is t(-12)?
52
Suppose -16*i + 30*i + 28 = 0. Let t(h) = 2*h**3 + h**2 - h. Give t(i).
-10
Let q be ((-261)/(-2))/((-42)/56). Let j = q + 175. Let v(x) = -6*x**2 + 1 + 4*x**2 - x - 5*x**3 + 3*x**2. Give v(j).
-4
Let z(f) be the first derivative of f**2/2 - 5*f - 167. Let w = 4 - -1. Give z(w).
0
Suppose -51*l = -34*l + 119. Let s(z) = 3*z + 6. Calculate s(l).
-15
Let f(x) be the second derivative of x**3/6 + 3*x**2/2 + 5*x + 9. Determine f(3).
6
Let s(v) = -v**2 - 9*v - 4. Let w(j) = 2*j**2 + 4*j + 1. Let h be w(2). Let p = 11 - h. Calculate s(p).
14
Let r(l) = -l**2 + 4*l. Let g be (26/65)/((-2)/(-10)). Let u be r(g). Let w be u/8*1*-2. Let i(s) = -5*s**2 + 1. Give i(w).
-4
Let h(g) = -g**2. Let b = -3 + 2. Let s(w) = -w**3 - 5*w**2 + 4. Let p be (1 - (-3)/(-2))/((-15)/(-30)). Let z(k) = b*h(k) + p*s(k). Determine z(-6).
-4
Let i(t) be the first derivative of 0*t - 2 - 1/2*t**4 + 1/2*t**2 + 1/3*t**3. Suppose 14*u - 5*u + 9 = 0. What is i(u)?
2
Let i(b) be the first derivative of 2*b**3/3 - b**2/2 + 5*b - 522. Calculate i(-5).
60
Let n(v) = -v**3 + 5*v**2 + v - 1. Let d be 3/3*1*12. Suppose -3*t + 9 = 0, -2*t - d = -5*j + 2*j. Suppose -j*w = -w - 25. Give n(w).
4
Let c(a) = -2 - 48*a - 54*a - 55*a + 4 + a**2 + 158*a. Let f = -1 - -1. Calculate c(f).
2
Let a(q) = -40 + 21 + 21 - 2*q. Let x(f) = f - 2. Let m be x(-1). Determine a(m).
8
Let t(g) = g**2 + 10*g - 31. Let b be t(3). Let u(j) = 1 - j**2 + 2*j**2 - j - 6*j. Determine u(b).
9
Let w be ((0 + 6)/3)/(1/(-2)). Let z = -2 + w. Let l(m) = m**2 + 7*m - 3. What is l(z)?
-9
Let t(q) be the second derivative of -5/6*q**3 - 7/2*q**2 - 17*q - 1/12*q**4 + 0. Calculate t(-6).
-13
Let d(n) = n**3 + 9. Let p = 46 + -46. Give d(p).
9
Suppose 24*u = -489 + 129. Let s(a) = -a**3 - 14*a**2 + 15*a + 8. Determine s(u).
8
Let j be (4/(-6))/((-1)/((-27)/(-6))). Let n(c) = 7*c**2 + c + c**j - 5*c**2 + 3*c**2 + 2 + 1. Let f(q) = 2*q + 7. Let t be f(-6). What is n(t)?
-2
Let h(z) = z + 17. Let j(o) = -o - 6. Let y(a) = 4*h(a) + 11*j(a). Let g(l) = 15*l - 4. Let d be 14 + (1 - (2 + 0)). Let s(b) = d*y(b) + 6*g(b). What is s(5)?
-3
Let u be -3 + (-84)/16*1*-4. Suppose 5*d = 12 + u. Let h(n) = n**2 - 8*n + 8. Determine h(d).
-4
Suppose 0 = 2*m - 2*n - 6, -5*m = -3*m + 5*n - 6. Let u(h) = -h**2 - h + 48 - 99 + 53 - h**m. Calculate u(0).
2
Let z(r) be the third derivative of r**6/120 - r**5/10 - 7*r**4/24 - r**3/3 - 31*r**2 - 1. Calculate z(6).
-44
Let y be 3*2/(-18)*-6. Let j(k) = -k**2 + k - 7*k - 1 + y*k. Let w = 13 - 18. What is j(w)?
-6
Let u(r) = 27*r**3 - 49*r**2 + 94*r**2 - 1 - 47*r**2 - 3*r. Let o(x) = 28*x**3 - 3*x**2 - 4*x - 2. Let d(a) = -2*o(a) + 3*u(a). What is d(1)?
25
Let h(p) = -10*p - 66. Let o be h(-7). Let c(j) = j**2 - j + 5. Determine c(o).
17
Let p(h) = -h**3 - 33*h**2 + 31*h - 108. Let i be p(-34). Let n(b) be the first derivative of -b**2/2 - 2*b + 1. Calculate n(i).
4
Let d(c) = 4*c**2 + 8*c + 13. Let x(t) = -7*t**2 - 17*t - 26. Let m(z) = -5*d(z) - 3*x(z). Give m(-9).
-5
Let a(i) = i + 8. Suppose 0 = h + 5*d - 22, -2*d + 24 = -2*h + 116. Let j = h + -49. Give a(j).
1
Let v(s) = 17*s**2 + 2*s - 1. Let l be 36/20 - 5/((-25)/(-4)). Give v(l).
18
Let p(a) be the third derivative of a**4/8 + a**3/3 + a**2 - 9*a. Determine p(-5).
-13
Let o(j) = -4*j - 205. Let i be o(-52). Let m be -7*(1 + -1*2). Suppose -a + 1 = i*b, -b + 2*a + m = a. Let c(s) = -2*s - 2. Determine c(b).
-6
Let k be 12/(-16) + (-270)/(-8). Suppose -5*m + 8 = -3*r, -k = -4*r - 2*m - 9. Suppose r*z = 5*z - 1. Let s(u) = u**2. Give s(z).
1
Let o(a) = -a**3 - 5*a**2 + 6*a - 5. Let h be (168/32)/(1/(-24)). Let b = h - -120. Determine o(b).
-5
Let o(r) = r**2 - 6*r - 4. Suppose 5*k - 47 + 17 = 5*m, -k - m + 16 = 0. Suppose k*w + 360 = 8*w. Let y be ((-4)/(-5))/((-16)/w). What is o(y)?
-4
Let x(w) = w**3 + 7*w**2 - 9*w - 1. Let k be x(-8). Let j(r) = -4*r**2 - 10*r + 10. Let c(a) = -9*a**2 - 21*a + 19. Let n(v) = k*j(v) - 3*c(v). Give n(-9).
-5
Let y = -255 - -511/2. Let v(d) be the second derivative of 2*d**2 + 0 + 3*d - y*d**3. What is v(5)?
-11
Let f(a) = 80*a**2 - 27*a + 1. Let g(j) = -120*j**2 + 38*j - 1. Let q(s) = 7*f(s) + 5*g(s). Give q(-1).
-39
Suppose -201*k + 4 = -199*k. Suppose -u = -0 - k. Let t(z) = -z**3 + z**2 - 2. Calculate t(u).
-6
Let y(p) = 6*p**2 - 6*p + 3. Let l(b) = -7*b**2 + 8*b - 3. Let u(z) = 5*l(z) + 6*y(z). Suppose 5 = -0*d - d. What is u(d)?
8
Let j(u) = 5*u**3 + 5*u**2 - 6*u - 3. Let m(s) = 5*s**3 + 6*s**2 - 8*s - 4. Let t(b) = -5*j(b) + 4*m(b). What is t(-1)?
5
Let x(s) be the second derivative of -5*s**5/4 + s**4/12 - s**3/3 + s**2/2 + 96*s. Give x(1).
-25
Let t(p) = -p**2 - 17*p + 40. Let u be t(-19). Let f(s) = -u + 2*s + 4 + 2. Determine f(-5).
-6
Let g(h) = 24*h + 2783. Let r be g(-116). Let n(x) be the first derivative of 3*x**4/4 + 2*x**3/3 - x - 1. Calculate n(r).
-2
Let i(t) = 4*t. Let y(a) = 9*a. Let n = -9 + 16. Let l(s) = n*i(s) - 3*y(s). What is l(-6)?
-6
Let x(g) = -2*g + 1. Let s(i) = -i**3 - 17*i**2 + 18*i + 4. Let q be s(-18). Suppose p = 3*p + q, 2*p + 19 = -3*v. Give x(v).
11
Let h be 33/(-6) - (4 + 54/(-12)). Let n(j) = 3*j - 8. Let k(g) = -g - 1. Let x be 10/3 + 8/12. Let i(l) = x*k(l) + n(l). Determine i(h).
-7
Let c be 1 + 1/14*4*7. Let j(s) = -s - 4 - c + 4. Give j(-6).
3
Let o(w) = w**2 - 5*w - 4. Let l(j) = -j**3 + 11*j**2 + 11*j + 13. Let h be l(12). Let x = h + -1. Suppose 8*r - 7*r - 5 = x. Determine o(r).
-4
Let h(d) = -4*d**2 + 3*d**2 + 12 - 10*d - 9 - 11. Give h(-11).
-19
Let k(l) = -1 - 7*l**2 + 6*l + 0*l**3 + 0 + l**3 - 2. Suppose 0 = -3*u + 4*g + 31, -4*u - 5*g = -8*u + 40. What is k(u)?
-23
Let v(y) be th